= -11*q**3 + 6*q**2 + 8. What are the prime factors of o(-3)?
359
Let f(s) = s. Let z be f(2). Suppose z + 73 = 5*y. Let r = y - 5. List the prime factors of r.
2, 5
Suppose 4*o - 45 = -4*a + 167, 2*o - 259 = -5*a. Let g = 37 - a. List the prime factors of (12/g)/((-24)/112).
2
Suppose -2*k + 498 = -5*x, 2*k = -5*x + 3*k - 494. Let g = x - -165. What are the prime factors of g?
67
Let q be (-183)/(-2) - 6/4. What are the prime factors of q/(-15)*13/(-3)?
2, 13
Suppose -125*i + 8772 = -123*i. List the prime factors of i.
2, 3, 17, 43
Let g(n) = -18*n**3 - n**2 + 5*n - 5. List the prime factors of g(-3).
457
Let h(x) = 10*x**2 + 14*x - 27. What are the prime factors of h(-9)?
3, 73
Let h(o) = 14*o**2 + 6*o - 5. Let n = -5 - -7. List the prime factors of h(n).
3, 7
Let t = -7 - -7. Suppose -4*w - 4 + 12 = t. List the prime factors of w/(-5) - (-72)/5.
2, 7
Let g = -23 - -15. Let f = 9 - g. Let l = 31 + f. List the prime factors of l.
2, 3
Suppose -6*g = -14*g + 7456. What are the prime factors of g?
2, 233
Suppose -88 = 2*m - 3*m. Let y = m - 32. List the prime factors of y.
2, 7
Suppose 7*y + 2 = 16. Suppose 2*g = -y*w + 64, -3*g + 0 = -9. List the prime factors of w.
29
Suppose -12 = -3*r - 0*r, 3*t - 26 = -5*r. What are the prime factors of -1*1/1 + (117 - t)?
2, 3, 19
Suppose -2*d - 5*o = -201, -14*d + 2*o + 414 = -10*d. List the prime factors of d.
103
Let u be 5/(25/(-38))*-5. Suppose 3*n + 20 = 5*n. Suppose y - u = -n. What are the prime factors of y?
2, 7
Let l(h) = 1439*h**2 + 30*h + 30. What are the prime factors of l(-1)?
1439
Let a be 98/(3 - -4)*(-26)/(-4). Let n = a - -52. List the prime factors of n.
11, 13
Suppose -43 = 5*q + 12. Let d = -4 + q. Let u = d - -27. What are the prime factors of u?
2, 3
Let i be (1/2)/((52/(-40))/13). What are the prime factors of 130*(-1)/(-2)*(-3)/i?
3, 13
Let v = 42 + -26. Suppose v = z + 3*z. What are the prime factors of -2 + 3 + 16/z?
5
Suppose -7544 - 1288 = -4*c. What are the prime factors of c?
2, 3, 23
Let i(l) = 2*l**2 - 2*l - 3. Let u be i(-2). Suppose -42 = -5*f - x, 2*f + 2*x = -x + u. Let k(r) = -r**2 + 12*r - 13. List the prime factors of k(f).
2, 7
Suppose -42 = -2*p - 12. Let b be p*(-2 - (-24)/10). What are the prime factors of (-69)/(-2)*4/b?
23
Let d(u) be the third derivative of -u**5/60 + 25*u**4/24 - 11*u**3/6 + 19*u**2. List the prime factors of d(23).
5, 7
Suppose -2273 + 9018 = 19*m. What are the prime factors of m?
5, 71
Let p(b) = b**2 - 6*b - 57. List the prime factors of p(17).
2, 5, 13
Let q be (-51)/(-5) - (-3)/(-15). Let v = 19 - q. Suppose 0 = -8*d + v*d - 34. What are the prime factors of d?
2, 17
Let k = -5 - -7. Suppose -198 = -2*d - 2*s - 2*s, k*d - 5*s = 207. What are the prime factors of d?
101
Let a(z) = 6*z - 4. Let o be a(3). Let n = o + -14. Suppose n*c = 4*c - 24. What are the prime factors of c?
2, 3
Let i = 863 - 427. What are the prime factors of i?
2, 109
What are the prime factors of 19167/15 - 16/20?
1277
Let m(i) be the first derivative of -i**4/4 - i**3 - 3*i**2/2 - 4*i + 3. Let d be m(-3). Suppose -d*r = -6 - 104. List the prime factors of r.
2, 11
Suppose -q + 5*q = 4*c - 8, -2*c = 3*q - 24. Let n(b) = -b + 9. Let s be n(c). Let v = 23 - s. What are the prime factors of v?
2, 5
Let p(j) = j**3 + 14*j**2 - 14*j + 14. Suppose -5*x + 8 - 48 = 2*w, 3*w + 35 = 5*x. Let q be p(w). Let d(c) = -35*c - 1. List the prime factors of d(q).
2, 17
Let j be (60/(-14))/((-4)/(-28)). What are the prime factors of (740/3)/2*j/(-20)?
5, 37
Suppose -111 = 6*k - 1317. What are the prime factors of k?
3, 67
Let g(w) be the third derivative of w**4/6 + w**3/6 + 4*w**2. What are the prime factors of g(14)?
3, 19
Suppose -1360 = n - 4*n - t, -3*n + 1350 = 3*t. List the prime factors of n.
5, 7, 13
Let g(d) = 363*d - 108. What are the prime factors of g(5)?
3, 569
What are the prime factors of -3044*2/(-10 + 5 + 1)?
2, 761
Let q be (14/(-21))/((-2)/12). Suppose 0 = -q*z + 16 + 4. Suppose -2*b - z*f - 35 = -7*b, 0 = 3*b - 2*f - 21. List the prime factors of b.
7
Let l = 116 - 36. Let f = 143 - l. List the prime factors of f.
3, 7
Let f(g) = 2*g + 8. Let b(k) be the second derivative of k**3/2 + 9*k**2/2 - 6*k. Let h(u) = 5*b(u) - 6*f(u). What are the prime factors of h(11)?
2, 3, 5
Suppose 5*x - 1056 - 989 = 4*a, -5*x = -2*a - 2045. What are the prime factors of x?
409
Let q be ((-26)/(-8))/((-9)/108). Let l = q - -78. Suppose -2*n = -4*o - 1 + l, 0 = 5*o - 4*n - 55. What are the prime factors of o?
7
Suppose d - 86 = 14. Suppose -5*o + d = -5*a, 5*o = -a - 7 + 125. Suppose -o = -3*t + 28. What are the prime factors of t?
17
Let k = 2 - -6. Suppose k*s - 4*s = 16. Suppose 2*z - 14 = -s*h, -5*h - 2*z + 2 = -3*h. What are the prime factors of h?
2, 3
Let l = 307 + -244. What are the prime factors of l?
3, 7
Suppose -4*p = -1010 - 1422. List the prime factors of p.
2, 19
Suppose -116 = -5*x + 74. Let o = -14 + x. List the prime factors of o.
2, 3
What are the prime factors of (-3)/2*(-8)/(-18)*-1869?
2, 7, 89
Let r be (-20)/90 + 1523/9. Suppose -5*y + 659 - r = 0. List the prime factors of y.
2, 7
Let q = -13 + 15. Suppose 2*w = q*d - 8, -5*d = w - 9 + 1. Suppose -d*z + k = 2*k - 94, -4*z + 3*k = -188. List the prime factors of z.
47
Let g(f) = -f**3 - 4*f**2 + f - 5. Let n be g(-5). Suppose 21*b - 16*b + 15 = 0. List the prime factors of 68/10 - b/n.
7
Let u = 371 + -217. What are the prime factors of u?
2, 7, 11
List the prime factors of ((-96)/(-60))/(2/1295).
2, 7, 37
Let d be (-1794)/(-12) + 1/2. Suppose 0 = 2*r + 3*r - 5*g - 375, 2*r + 2*g - d = 0. Suppose l - 40 = -2*j + 3*l, -r = -4*j + 3*l. List the prime factors of j.
3, 5
Suppose 0*b - 5*u - 2881 = -2*b, 0 = -5*b - 2*u + 7246. What are the prime factors of b?
2, 181
Let s be (-2)/(302/100 + -3). Let p = -37 - s. List the prime factors of p.
3, 7
Suppose 45*a - 8120 = 41*a. List the prime factors of a.
2, 5, 7, 29
Suppose -3*g - 16 - 32 = 2*p, g + 2 = 4*p. Let o = 48 + g. What are the prime factors of o?
2, 17
Let l = 4 + -5. Let v be l/(-3) - 214/(-6). Suppose -3*s + 21 = -v. What are the prime factors of s?
19
Suppose -3*n = 15, -4*n = -4*o - 11 - 5. What are the prime factors of o/(18/(-4)) + 29?
31
Let c(t) = -t**2 - t - 4011. Let w be c(0). Let s be (-6)/(-39) + w/(-39). Let r = -66 + s. List the prime factors of r.
37
Suppose 0 = 2*b + 5 - 9. Suppose -5*h = -b - 43. What are the prime factors of h?
3
Let o(n) = -n**3 + 9*n**2 - 3*n - 7. What are the prime factors of o(7)?
2, 5, 7
Let i(t) = -t**3 - 8*t**2 - 9*t + 7. Let n be i(-6). Let z be 2 + (-2 - (-4)/(-1)). Let h = z - n. List the prime factors of h.
7
Let j(v) = -5*v - 3. Suppose g - 6 = y, -g - 2*y - 16 = -5*g. Let p be g + -1 - 30/5. What are the prime factors of j(p)?
2, 11
Let y = 7 - 11. List the prime factors of 389/4 + 3/(3*y).
97
Let k = -45 - -47. Suppose 178 = k*q + o + o, -2*o = q - 91. What are the prime factors of q?
3, 29
Suppose 7 = -3*m - 2. Let j be m/(-2)*32/12. Suppose -5*t + 3*k = -260, -j*t - k = -5*k - 216. What are the prime factors of t?
7
Let x be (-5 + -4)*(-1)/(-3). Let j(m) = 2*m**2 - 5*m. Let t(i) = -4*i**2 + 10*i - 1. Let v(d) = 5*j(d) + 2*t(d). What are the prime factors of v(x)?
31
Let h(v) = v**2 + 11*v + 27. Let p be h(-6). What are the prime factors of 171 - (4 + p + 2)?
2, 3, 7
Let r be (0/6 + 2)*(-1)/(-1). Suppose -r*i - 30 = -88. What are the prime factors of i?
29
Let x(l) = -59*l**3 + 2*l**2 + 2*l + 2. What are the prime factors of x(-3)?
1607
Let u = -10692 - -16838. List the prime factors of u.
2, 7, 439
List the prime factors of ((-2820)/7)/((-24)/168) - -4.
2, 353
Suppose 2*u + 86 = -q + 3*q, u - 4*q = -43. Suppose 8*y - 4*y + 64 = 0. Let m = y - u. List the prime factors of m.
3
Let n be 4/(-8) + 10/4 + 0. Suppose 3*x - 48 = n*x. List the prime factors of x.
2, 3
Let p(z) = 27*z - 62. List the prime factors of p(23).
13, 43
Let j be (-2 - -3)/(12/8 - 1). Suppose 666 = j*f + 4*f. What are the prime factors of f?
3, 37
Let m(p) = -p**3 + 9*p**2 - 4*p + 8. Let s be m(6). Suppose -3*w + 183 = 3*d, -3*d = -d - 4*w - s. Suppose -6 = y - d. List the prime factors of y.
2, 5
Suppose 5*n - 99 = 3*d - 0*n, -d - 3*n = 19. What are the prime factors of 2/14 + (-3076)/d?
2, 5, 11
Let h(s) = -2*s**2 + 115*s - 117. What